20.
-5
-16536 - -16509 - (-2 - (30 + -1))
4
What is the value of (17 - 15 - -21) + -16?
7
What is -91 + (66 - 9) - -30?
-4
What is the value of (4 - (-56 - -3)) + (-15 + 28 - (10 - -1))?
59
Evaluate -16 + 0 + -4 - (25 + -9 + -16).
-20
Calculate -72 + 34 + 31 + -21.
-28
113 + (7 + (16 - 35) - 4) + 4
101
(9 - ((-5 - (14 + -4)) + 10 - -19)) + -2
-7
What is (-1 - (36 + 0)) + -3 + (-2264 - -2258)?
-46
-13 - (38 - 20 - 84) - 18
35
What is the value of 8 + (71 + 0 - (19 - 22))?
82
Calculate 36 - (40 + -51 + 105).
-58
What is 5 + (7 - 2 - (-5 - -23)) - -27?
19
What is the value of (-3 - (-13 + 2 - (-13 + 64 + -20))) + -2?
37
What is the value of 6 + 0 + -1 - (-48 - (-40 - -26))?
39
125 + (0 + 28 + -3 + 2 - (1435 + -1421))
138
Calculate (13 - 7) + (-1 - 2) + (6 - 36) - -2.
-25
What is the value of 20 + (37 + -19 - 10 - 54 - 20)?
-46
What is 28 + 1 - (-3458 + 3409)?
78
-11 + -10 + 66 + -89 + 153
109
Calculate 3 + (44 + 42 - 133).
-44
Evaluate 18 + -5 + 41 + -13 - -15.
56
Calculate (2 - 32 - (3 + -13 + -1 - -3)) + 1.
-21
-18 - -119 - (5 + -5 + 7 + -8 + -5)
107
(2 - (9 + -11)) + -10 + (-27 - 47)
-80
What is the value of (-7 - -2) + -174 + 107 + (0 - (-3 - -2))?
-71
What is the value of 11 + (10 - (-29 + 15 - -15)) + 8?
28
Calculate -18 - 8 - (14 + 16 - 14).
-42
What is -27 + (-708 - -716) + 0 + 67?
48
Evaluate 26 + -19 + 24 - (4 + -8 - -15).
20
Calculate 29 - ((10 - -19) + -6) - ((-37 - 3) + 1).
45
Calculate 1 + 48 + (-6 - 1) + (7 - -8 - 23).
34
What is -66 + 61 + -28 + -70?
-103
What is (65 - -4 - 5) + (-14 - ((-5 - 4) + 0))?
59
1 - 27 - (985 + -1024)
13
What is -80 + (8 + 87 - 66)?
-51
Evaluate -426 - -394 - (-14 - 0) - -5.
-13
What is the value of 73 + -59 + -60 + -10?
-56
What is the value of (8 - 1) + (-4 - (-5 - -7 - 4))?
5
What is the value of 37 + (19 - 20) - 45 - -72?
63
-403 + 408 + 37 + 1 - 2
41
What is -89 + 49 + 25 + 56?
41
-3 + 48 + 23 + -128
-60
Calculate -2 + ((6 + -12 - 20) + -9 - (11 + 0)).
-48
What is 665 + -660 - (9 + -9 - (38 - 1))?
42
What is -3 - -106 - (-10 - -6 - 0) - 4 - 3?
100
What is the value of (7 - (4 - -6) - (-2 - 2)) + (-8 - 25)?
-32
Calculate (66 - 46) + -38 - -5 - (1 + 17).
-31
(-17 - 2) + (79 - (1 - -15))
44
What is -55 - (-39 + 51 + -28 + -4)?
-35
Calculate (7 - -3) + (-34 + 16 - 22).
-30
Calculate -10 + (8 - -1 - (-78 + 30 - -47)).
0
What is (-33 - -28) + 40 - -16?
51
7 - ((27 - 29) + 22) - (112 - -9)
-134
What is (-43 - (3 - -5)) + 64?
13
Evaluate 27 + 22 + -21 + 77.
105
What is (37 - 1) + (68 - 68) + -37?
-1
What is the value of 2468 - 2460 - ((0 - -28) + 2)?
-22
Calculate (-21 - 15) + 18 - -11 - (7 - (15 + 6)).
7
Evaluate -27 + -12 + 96 - (-3 + 9 - 1).
52
What is the value of -22 - -194 - (40 + 84)?
48
What is 231 + (-16 - 107) + -177?
-69
What is (-3 - 2) + 7 + (43 - -2 - 17)?
30
32 + -57 + 44 - (4 + 82 - -8)
-75
What is 4 + -2 + 0 + 19 + -20 - 11 - 108?
-118
What is -48 + 0 + 637 + -639?
-50
Calculate -21 - -46 - (42 + -3).
-14
What is (-6 - (17 + (22 - 27))) + 52?
34
Evaluate 117 + -63 + (-1 - 104).
-51
24 + -164 - -57 - -136
53
Calculate -1 + -14 + -54 + (-43 - -127).
15
What is the value of 12 + (-23 - 47) + 66?
8
What is (-8 + (27 - 14) - -3) + -13 + 5 + -54?
-54
Calculate 2 - (18 + 1) - (797 - 818).
4
Evaluate -16 + (-9 - 6) + -5 + (47 - 82).
-71
(1 - (1 + -2) - 6) + -100 + (9 - -57)
-38
Calculate (-94 - 23) + (109 - -65).
57
-121 - (116 + -8 + -270)
41
Calculate 27 + (-3 - (-13 + 2)) + -6 - 6.
23
Calculate 65 + 12 + (-25 - -6) + -14.
44
Evaluate -24 + (8 - 39) + 52.
-3
What is (73 + -62 - (-5 - -32)) + (0 - -52)?
36
What is the value of ((-7 - -8) + -15 - -14) + 18?
18
Evaluate -43 + (83 - 44) - -11.
7
Calculate (-51 - -78) + 37 + (-3 - -13 - -4).
78
Calculate 1 - (-5 - -83) - (1609 + -1591).
-95
What is (-9 - 1) + (79 - 32 - 34)?
3
What is (-3 - (-11 + 12)) + (-213 - -162)?
-55
-1 + -142 - (11119 + -11193)
-69
(-151 - -150) + 1 + -13 + -2 + 5 - -60
50
What is the value of -27 - -43 - (-6 + 46)?
-24
What is the value of 189 + -182 + (-24 - ((7 - 2) + -1 + 0))?
-21
31 - (120 + -29 + -135)
75
((1 - (4 - 16)) + -4 - -32) + 12
53
-20 - (-2 + (-2 - -10) + 8 + -18 - -14)
-30
Evaluate 26 + (0 - -2) - (108 - (83 + 18)).
21
Calculate 5 + (252 - 241) + (-23 - -1) + -29.
-35
-9 + (-29 + 4 - (-47 + 26))
-13
Calculate -7 + -28 + (98 + -70 - 28).
-35
What is the value of (-4 + -2 + -4 - 0) + 7 + -1 + 7?
3
What is -8 + 27 + -3 + (-3 - 52)?
-39
1 - (20 + (35 - 15 - 8))
-31
What is the value of 1 + 0 + 1 + (-364 - (-690 - -416))?
-88
What is 67 + 15 + -15 + 17 + -1 + 2?
85
What is the value of 119 + 98 + -205 + 0 + (-7 - 0)?
5
What is (-3 - (-62 - -23)) + -54 - -69?
51
Calculate 61 + (0 + -22 - (-116 - -107) - (-17 - -9)).
56
Calculate -8 + (2 - 0) + (-36 + (-10 - -26) - -44).
18
Calculate -5 + 6 + 4 + (-42 - (-8 - -14 - -2)).
-45
What is the value of (0 + 3 + 16 - -2 - -8) + 2 + -4?
27
Evaluate 34 + -31 - (7 - 8 - 3).
7
What is the value of (1005 - 1016) + (0 + -2 - -18)?
5
What is (-2 - 62) + 23 + (1 - 5)?
-45
What is -12 + (-34 - ((-43 - -9) + 17))?
-29
Evaluate 20 + -36 + -6 + (-4 - (0 + 2) - -4).
-24
What is the value of 18 + -29 + 0 - -22 - (-4 - 1)?
16
What is the value of 0 - (14 - (-22 - 2)) - 16?
-54
What is -39 - (-1 + -11 - -19 - (2 - (1 - -4)))?
-49
What is the value of -3 - -34 - (-7 + (4 - -2 - 9))?
41
Calculate -1758 - -1762 - ((0 - 2) + 3 - 1 - 76).
80
What is -172 - (-166 - (-67 + -26))?
-99
Evaluate -40 + 17 + -51 + 52.
-22
(-111 - -142) + (2 - 1) + -10 + -11
11
Calculate (-5 - -1) + 2 + 29 - 33.
-6
What is (-3 - -114) + (23 + -25 + 23 - 17 - 8)?
107
Evaluate -27 - (8 + 88) - -81.
-42
(42 + -2 - 29 - (9 - 0) - 118) + 13
-103
-45 + -61 + 18 + 58
-30
What is -41 - (0 + (-12 - -23) + -8 + -3)?
-41
-38 - (7 - -2 - (-2 + (-14 - -18)))
-45
Evaluate (1 - 2 - -2) + (25 - 22) + 13.
17
What is the value of 283 + -150 + -138 - 5?
-10
-16 + 11 - (43 + (3 - -5))
-56
What is the value of (-27 - -92 - 63) + 93?
95
What is 17 + 25 - 8 - 67?
-33
-66 + (147 - 74 - -20)
27
Calculate 4 + -73 + (-5 - -6 - -17).
-51
32 + 13 + -14 + (-14 + (8 - 6) - -16)
35
Calculate (-6 - 1 - (-49 + 1 + 53)) + 2.
-10
What is (-377 - -388) + (-2 - -3 - 24)?
-12
(-6 - 1) + (68 - 52) - 2 - (-76 - 2)
85
Evaluate -1 + 14 + 347 + -275.
85
Calculate 47 + 38 + (-9 - 85).
-9
What is 16 - (7 - 3) - (-2 + -15 + 84 + -14)?
-41
Evaluate -17 + ((-10 - (-3 - 5)) + -13 - -2).
-30
What is the value of -4958 + 4945 - (-1 - -1 - 28)?
15
Calculate 1596 + -1578 + (34 - 0).
52
What is the value of (72 - 8 - 52) + -61?
-49
What is the value of -13 + 1 - (4 + -11 + -31 + 20)?
6
What is 16 + -2 + -1 - (-28 + 133 - 95)?
3
-5864 + 5878 + (-1 - -56)
69
Evaluate 19 + (15 - 21) + -22 - -9.
0
-18 + -26 + 35 + 11 + -63
-61
Calculate (40 - (48 + 15)) + -17 + -2.
-42
What is the value of (85 - (79 + -40)) + -35 - (0 - -77)?
-66
(104 - 80) + 24 - 111
-63
Calculate 42 - (0 - 131 - -158).
15
(-30 - -35) + 39 + (51 - 31)
64
Calculate -13 + 14 + 67 + 7 + (9 + -14 - -9).
79
Calculate 93 - ((-30 - -93) + -36 + -36).
102
Evaluate -292 + 323 + 15 + 0 + 17 - -10.
73
28 - (-96 + 68 - -148)
-92
What is (39 - 31) + -19 - (-3 + (-1 - -28))?
-35
Evaluate -15 - -5 - (-76 + (-10 - (4 - 6)) + -5).
79
Evaluate (7 + -33 - -4) + 2 + -65.
-85
Evaluate (44 - (12 - -26)) + 5.
11
What is 66 + -25 + (-8 - (-27 + 49))?
11
Evaluate -40 + (179 + -124 - 82).
-67
Evaluate 0 + -29 + 43 + 22 - (12 - (5 + -2)).
27
What is 2 + 7 + -14 + (6 - -12) + -21 + -37?
-45
Calculate (58 - (9 - -17)) + -22.
10
(-26 - 19) + 1 + -15
-59
Calculate -103 + (12 + -10 - (-33 - -10)).
-78
Calculate -14 + (-20 - -37) - -28.
31
652 + -618 - (129 - 0)
-95
-10 + -4 + (4 - (1 - (-2 - (10 + -8))))
-15
What is -31 - -30 - ((-21 + 29 - -46) + -6 + 0)?
-49
Calculate -14 + (-10 - (-18 + 2)) - (-1 + -40).
33
(10 - -169 - 49) + -71
59
What is the value of -201 - -216 - (82 - (-5 - -8))?
-64
-1 + -1 + -26 + 18313 + -18286
-1
Calculate 34 + 25 + (-39 - 124) + 22.
-82
(-5 - (-4 - -3) - (29 - (-8 + 28))) + 13
0
What is -84 + (-49 - -103) + -52 + (1 - 2)?
-83
Calculate 62 - 9 - 27 - (4 - -40).
-18
Evaluate (-16 - -9) + -2 + 0 - (8 - (10 + 20)).
13
62 + 0 + -11 + 17 - (145 - 130)
53
What is the value of 7 + -1 + -11 + -204 + 337?
128
What is the value of 170 - (16 - (60 - 145))?
69
Calculate (-140 - -23) + 32 - (1 + (-8 - -4) + -2).
-80
What 